?
7633
In base 16, what is 2e5 + -13?
2d2
In base 7, what is 3 + 21043?
21046
In base 15, what is -5923 + -6d?
-5991
In base 8, what is -37 + 5473?
5434
In base 7, what is 331 - -2415?
3046
In base 14, what is 10506 + 76?
1057c
In base 15, what is -2 - -9933?
9931
In base 7, what is 12 - -4326?
4341
In base 7, what is 23544 - 4?
23540
In base 7, what is -31 + -121566?
-121630
In base 16, what is 9 + -781?
-778
In base 11, what is 58367a + -4?
583676
In base 10, what is -25 - -4156?
4131
In base 9, what is 23535 + 128?
23664
In base 6, what is 2 + 314224?
314230
In base 9, what is 57008 - 1?
57007
In base 8, what is -1024 - 375?
-1421
In base 5, what is -41 + -1320?
-1411
In base 5, what is -120 - -2441?
2321
In base 6, what is -352350 - -120?
-352230
In base 12, what is -4 - -51665?
51661
In base 7, what is 2205 - -312?
2520
In base 5, what is 424211334 - 4?
424211330
In base 15, what is -25 - 509?
-52e
In base 8, what is -65 - 133605?
-133672
In base 12, what is 1 - -818?
819
In base 14, what is 15bc02 - -d?
15bc11
In base 14, what is -3 - 425b5?
-425b8
In base 6, what is 1101 - -13025?
14130
In base 7, what is -1 + 4424?
4423
In base 14, what is 3 - -119d?
11a2
In base 6, what is -333551 + -4?
-333555
In base 11, what is 9 - 88a3?
-8895
In base 16, what is -a595 + 10?
-a585
In base 12, what is 165 + -99?
88
In base 14, what is -64 + c3?
5d
In base 5, what is -10403 - 2244?
-13202
In base 15, what is -c + 138e?
1382
In base 8, what is -2412 + 6?
-2404
In base 9, what is 176 + -1000?
-713
In base 11, what is -857038 - -2?
-857036
In base 14, what is -1bc8 + -1b?
-1c05
In base 6, what is -214313 - 23?
-214340
In base 12, what is 30 - -15b8?
1628
In base 16, what is -1695 + 1?
-1694
In base 12, what is 5 - -3bb4?
3bb9
In base 15, what is 55 + e4c?
ea2
In base 12, what is -2 - -2801?
27bb
In base 14, what is 728 - 15?
713
In base 8, what is -2 + -602546?
-602550
In base 4, what is 10 + -230310?
-230300
In base 11, what is -1 + 22a624?
22a623
In base 8, what is 200723 - 1?
200722
In base 8, what is -2027 + 15?
-2012
In base 9, what is 6655 + -110?
6545
In base 14, what is -365 + -80?
-405
In base 16, what is 6c - -334?
3a0
In base 9, what is 378804 + -3?
378801
In base 12, what is 5708 + -8?
5700
In base 16, what is 153c + 9?
1545
In base 8, what is -11040 - -673?
-10145
In base 9, what is -200 + 26?
-163
In base 8, what is 2076 - 12?
2064
In base 5, what is -211 - 1240?
-2001
In base 7, what is -116012 - -15?
-115664
In base 6, what is 1522 - 1102?
420
In base 10, what is -660318 - 0?
-660318
In base 3, what is 1121 - -1211021020?
1211022211
In base 3, what is 21220201 + -11?
21220120
In base 3, what is -1102100012 - 122?
-1102100211
In base 13, what is 4a8 + 1?
4a9
In base 15, what is -22 + -8?
-2a
In base 5, what is -1323 - -402?
-421
In base 16, what is -111 - -1e48?
1d37
In base 6, what is -10 + 3515?
3505
In base 3, what is -201 + 1211?
1010
In base 10, what is 10 + -704264?
-704254
In base 9, what is 3050 - -3?
3053
In base 13, what is -18c0c - -5?
-18c07
In base 13, what is -4 - -66b0?
66a9
In base 16, what is 17 - -2d4c?
2d63
In base 5, what is 1023 - 12233?
-11210
In base 9, what is -611 + -1755?
-2466
In base 5, what is -230233130 - 1?
-230233131
In base 14, what is 4dc16 - -a?
4dc22
In base 4, what is 13 + -2003013?
-2003000
In base 10, what is -12191 + 4?
-12187
In base 11, what is -6 + -17891?
-17897
In base 9, what is -102 - -72?
-20
In base 7, what is -13003225 - -3?
-13003222
In base 16, what is -2e8 - 1?
-2e9
In base 7, what is -103 + 325?
222
In base 3, what is -10100 - -1110000121?
1102220021
In base 4, what is 1123111 + 10?
1123121
In base 3, what is 0 - 1211101000?
-1211101000
In base 12, what is -1366 - -23?
-1343
In base 16, what is -700 - f?
-70f
In base 11, what is -3 + -92846?
-92849
In base 7, what is 20010060 - -5?
20010065
In base 16, what is 1bc0 - 3b?
1b85
In base 5, what is -1201 - -10?
-1141
In base 4, what is -1 + 22003201?
22003200
In base 3, what is -2022010011011 + -11?
-2022010011022
In base 2, what is -111000011010 - -10110?
-111000000100
In base 4, what is -2 + -1200331?
-1200333
In base 13, what is -2252 + -20a?
-245c
In base 5, what is -13 - 200213?
-200231
In base 2, what is -1000110001111010 - 10001110?
-1000110100001000
In base 5, what is 14414 + 130?
20044
In base 16, what is -682c - 4?
-6830
In base 12, what is -1a85a7 + 3?
-1a85a4
In base 13, what is -257b2 + 2?
-257b0
In base 7, what is -11 - -334055?
334044
In base 5, what is 1420 + -103201?
-101231
In base 6, what is -1 + 302501?
302500
In base 2, what is 10011 + 1111001011?
1111011110
In base 2, what is 1101011001000000 - 11?
1101011000111101
In base 15, what is 19ce6 + -2?
19ce4
In base 10, what is -72 + -525?
-597
In base 12, what is 385 - -33?
3b8
In base 13, what is 1b500 + -3?
1b4ca
In base 7, what is -36 - 3442?
-3511
In base 9, what is -123 - 1876?
-2110
In base 13, what is 322747 - 3?
322744
In base 14, what is c2 + -c3?
-1
In base 3, what is -1221112221011 - -2?
-1221112221002
In base 11, what is -a6990 - -5?
-a6986
In base 10, what is 27834 - 7?
27827
In base 6, what is 22122 + 15233?
41355
In base 16, what is 240bb + -3?
240b8
In base 13, what is -362 - 3a?
-39c
In base 16, what is -879 - -4?
-875
In base 2, what is -100 + -110101101111000110001?
-110101101111000110101
In base 15, what is e8ce8b + -1?
e8ce8a
In base 8, what is -101 + 222?
121
In base 12, what is -4 + -52312?
-52316
In base 12, what is -1 - -25b40b?
25b40a
In base 11, what is 76473 - -1?
76474
In base 12, what is 6b9 + 171?
86a
In base 11, what is -50220 + -2?
-50222
In base 11, what is 3 + -230345?
-230342
In base 10, what is 25 + 6002?
6027
In base 12, what is 61 + 8b56?
8bb7
In base 12, what is 142a80 + 4?
142a84
In base 4, what is -30302 + -1200000?
-1230302
In base 2, what is -110110001100 - 111100?
-110111001000
In base 6, what is 13315350 + -4?
13315342
In base 7, what is 4264 - 3054?
1210
In base 16, what is -52a12 - -2?
-52a10
In base 9, what is -251320 - 2?
-251322
In base 6, what is 4214033 - 5?
4214024
In base 15, what is bc7 + 1e?
be6
In base 8, what is 100 - -3521?
3621
In base 13, what is 5 + 3a163?
3a168
In base 15, what is -a0c + 2?
-a0a
In base 15, what is 1c - ca?
-ad
In base 3, what is 11 + 21022121?
21022202
In base 8, what is -73 + -310?
-403
In base 2, what is -101 + 1101101100000111100?
1101101100000110111
In base 12, what is -68b + 18?
-673
In base 4, what is 10203132 + -13?
10203113
In base 12, what is 6409 + 1?
640a
In base 2, what is -101001 - -1010010110110011?
1010010110001010
In base 9, what is 325284 + 4?
325288
In base 16, what is 4 + -6e92?
-6e8e
In base 13, what is 7 + -aa5?
-a9b
In base 11, what is 22 + -1120?
-10a9
In base 7, what is -4 - -3230211?
3230204
In base 7, what is 2 - 646310?
-646305
In base 6, what is -10220022 + -4?
-10220030
In base 5, what is -4223 + -10322?
-20100
In base 7, what is -10 - -322020?
322010
In base 6, what is -302 + 14334?
14032
In base 14, what is -2 - 35d?
-361
In base 6, what is 541422 - 1?
541421
In base 15, what is 31 - -568?
599
In base 14, what is 8992 - -a2?
8a54
In base 6, what is -2125013 - -3?
-2125010
In base 15, what is -1d - 585?
-5a3
In base 3, what is 10 - -2001111002111?
2001111002121
In base 9, what is 121 + 384?
515
In base 11, what is -16a + -81?
-240
In base 14, what is 742 - -78?
7ba
In base 7, what is 341513 - -5?
341521
In base 8, what is 4 + -1167510?
-1167504
In base 6, what is -5 - 1413351?
-1413400
In base 15, what is -b - -5513?
5507
In base 10, what is 122 - 750?
-628
In base 2, what is -10011110 - 101011101?
-111111011
In base 9, what is -4643 - -12?
-4631
In base 6, what is -1052 - -1435?
343
In base 4, what is -100112032 - 30?
-100112122
In base 2, what is -101011 - 10010101100101?
-10010110010000
In base 12, what is 316 - 1279?
-b63
In base 16, what is -7 + -2d22?
-2d29
In base 9, what is -212 + -11?
-223
In base 2, what is -110110101101000100 - -11?
-110110101101000001
In base 15, what is 4 + -2794?
-2790
In base 5, what is -11244 - -3203?
-3041
In base 14, what is -10 - 27b2?
-27c2
In base 6, what is -114525 - 0?
-114525
In base 12, what is -37 - 4?
-3b
In base 10, what is -8467 + 5?
-8462
In base 15, what is 5 + 15aed?
15b03
In base 5, what is -213331 - -4?
-213